[INFO] fetching crate kosei 0.2.0...
[INFO] checking kosei-0.2.0 against master#e6e4f7ed1589e03bc2f6c5931c1a72e7947e8682 for beta-170-4
[INFO] extracting crate kosei 0.2.0 into /workspace/builds/worker-5-tc2/source
[INFO] validating manifest of crates.io crate kosei 0.2.0 on toolchain e6e4f7ed1589e03bc2f6c5931c1a72e7947e8682
[INFO] running `Command { std: CARGO_HOME="/workspace/cargo-home" RUSTUP_HOME="/workspace/rustup-home" "/workspace/cargo-home/bin/cargo" "+e6e4f7ed1589e03bc2f6c5931c1a72e7947e8682" "metadata" "--manifest-path" "Cargo.toml" "--no-deps", kill_on_drop: false }`
[INFO] started tweaking crates.io crate kosei 0.2.0
[INFO] finished tweaking crates.io crate kosei 0.2.0
[INFO] tweaked toml for crates.io crate kosei 0.2.0 written to /workspace/builds/worker-5-tc2/source/Cargo.toml
[INFO] crate crates.io crate kosei 0.2.0 already has a lockfile, it will not be regenerated
[INFO] running `Command { std: CARGO_HOME="/workspace/cargo-home" RUSTUP_HOME="/workspace/rustup-home" "/workspace/cargo-home/bin/cargo" "+e6e4f7ed1589e03bc2f6c5931c1a72e7947e8682" "fetch" "--manifest-path" "Cargo.toml", kill_on_drop: false }`
[INFO] running `Command { std: "docker" "create" "-v" "/var/lib/crater-agent-workspace/builds/worker-5-tc2/target:/opt/rustwide/target:rw,Z" "-v" "/var/lib/crater-agent-workspace/builds/worker-5-tc2/source:/opt/rustwide/workdir:ro,Z" "-v" "/var/lib/crater-agent-workspace/cargo-home:/opt/rustwide/cargo-home:ro,Z" "-v" "/var/lib/crater-agent-workspace/rustup-home:/opt/rustwide/rustup-home:ro,Z" "-e" "SOURCE_DIR=/opt/rustwide/workdir" "-e" "CARGO_TARGET_DIR=/opt/rustwide/target" "-e" "CARGO_HOME=/opt/rustwide/cargo-home" "-e" "RUSTUP_HOME=/opt/rustwide/rustup-home" "-w" "/opt/rustwide/workdir" "-m" "1610612736" "--user" "0:0" "--network" "none" "ghcr.io/rust-lang/crates-build-env/linux@sha256:19e73879b68f455e41552ea35293514db52ea292d993f571636dbffedb77a1ee" "/opt/rustwide/cargo-home/bin/cargo" "+e6e4f7ed1589e03bc2f6c5931c1a72e7947e8682" "metadata" "--no-deps" "--format-version=1", kill_on_drop: false }`
[INFO] [stdout] f1b0a271c61bdad4a7423cdcff7cb43f1f69ce402b0d5aa1f2d55835fff9d484
[INFO] running `Command { std: "docker" "start" "-a" "f1b0a271c61bdad4a7423cdcff7cb43f1f69ce402b0d5aa1f2d55835fff9d484", kill_on_drop: false }`
[INFO] running `Command { std: "docker" "inspect" "f1b0a271c61bdad4a7423cdcff7cb43f1f69ce402b0d5aa1f2d55835fff9d484", kill_on_drop: false }`
[INFO] running `Command { std: "docker" "rm" "-f" "f1b0a271c61bdad4a7423cdcff7cb43f1f69ce402b0d5aa1f2d55835fff9d484", kill_on_drop: false }`
[INFO] [stdout] f1b0a271c61bdad4a7423cdcff7cb43f1f69ce402b0d5aa1f2d55835fff9d484
[INFO] running `Command { std: "docker" "create" "-v" "/var/lib/crater-agent-workspace/builds/worker-5-tc2/target:/opt/rustwide/target:rw,Z" "-v" "/var/lib/crater-agent-workspace/builds/worker-5-tc2/source:/opt/rustwide/workdir:ro,Z" "-v" "/var/lib/crater-agent-workspace/cargo-home:/opt/rustwide/cargo-home:ro,Z" "-v" "/var/lib/crater-agent-workspace/rustup-home:/opt/rustwide/rustup-home:ro,Z" "-e" "SOURCE_DIR=/opt/rustwide/workdir" "-e" "CARGO_TARGET_DIR=/opt/rustwide/target" "-e" "CARGO_INCREMENTAL=0" "-e" "RUST_BACKTRACE=full" "-e" "RUSTFLAGS=--cap-lints=forbid" "-e" "RUSTDOCFLAGS=--cap-lints=forbid" "-e" "CARGO_HOME=/opt/rustwide/cargo-home" "-e" "RUSTUP_HOME=/opt/rustwide/rustup-home" "-w" "/opt/rustwide/workdir" "-m" "1610612736" "--user" "0:0" "--network" "none" "ghcr.io/rust-lang/crates-build-env/linux@sha256:19e73879b68f455e41552ea35293514db52ea292d993f571636dbffedb77a1ee" "/opt/rustwide/cargo-home/bin/cargo" "+e6e4f7ed1589e03bc2f6c5931c1a72e7947e8682" "check" "--frozen" "--all" "--all-targets" "--message-format=json", kill_on_drop: false }`
[INFO] [stdout] 6d58b046cc8e252f7c59203f1f1a805f56597619fdc94354e1d3b414ea802e1b
[INFO] running `Command { std: "docker" "start" "-a" "6d58b046cc8e252f7c59203f1f1a805f56597619fdc94354e1d3b414ea802e1b", kill_on_drop: false }`
[INFO] [stderr]     Blocking waiting for file lock on package cache
[INFO] [stderr]     Blocking waiting for file lock on package cache
[INFO] [stderr]    Compiling proc-macro2 v1.0.47
[INFO] [stderr]    Compiling libc v0.2.138
[INFO] [stderr]    Compiling unicode-ident v1.0.5
[INFO] [stderr]    Compiling syn v1.0.105
[INFO] [stderr]     Checking smallvec v1.10.0
[INFO] [stderr]     Checking itoa v1.0.4
[INFO] [stderr]    Compiling openssl-sys v0.9.79
[INFO] [stderr]    Compiling tokio v1.23.0
[INFO] [stderr]    Compiling serde_derive v1.0.150
[INFO] [stderr]    Compiling typenum v1.16.0
[INFO] [stderr]    Compiling generic-array v0.14.6
[INFO] [stderr]    Compiling serde v1.0.150
[INFO] [stderr]    Compiling futures-task v0.3.25
[INFO] [stderr]     Checking tracing-core v0.1.30
[INFO] [stderr]    Compiling futures-util v0.3.25
[INFO] [stderr]    Compiling openssl v0.10.44
[INFO] [stderr]     Checking http v0.2.8
[INFO] [stderr]    Compiling futures-channel v0.3.25
[INFO] [stderr]    Compiling crossbeam-utils v0.8.14
[INFO] [stderr]     Checking subtle v2.4.1
[INFO] [stderr]    Compiling serde_json v1.0.89
[INFO] [stderr]     Checking url v2.3.1
[INFO] [stderr]     Checking unsafe-libyaml v0.2.4
[INFO] [stderr]     Checking cpufeatures v0.2.5
[INFO] [stderr]     Checking base64 v0.20.0
[INFO] [stderr]     Checking urlencoding v2.1.2
[INFO] [stderr]    Compiling native-tls v0.2.11
[INFO] [stderr]    Compiling quote v1.0.21
[INFO] [stderr]     Checking http-body v0.4.5
[INFO] [stderr]     Checking crossbeam-channel v0.5.6
[INFO] [stderr]     Checking parking_lot_core v0.9.5
[INFO] [stderr]     Checking mio v0.8.5
[INFO] [stderr]     Checking num_cpus v1.15.0
[INFO] [stderr]     Checking socket2 v0.4.7
[INFO] [stderr]     Checking signal-hook-registry v1.4.0
[INFO] [stderr]     Checking inotify-sys v0.1.5
[INFO] [stderr]     Checking filetime v0.2.19
[INFO] [stderr]     Checking inotify v0.9.6
[INFO] [stderr]     Checking parking_lot v0.12.1
[INFO] [stderr]     Checking notify v5.0.0
[INFO] [stderr]     Checking block-buffer v0.10.3
[INFO] [stderr]     Checking crypto-common v0.1.6
[INFO] [stderr]     Checking digest v0.10.6
[INFO] [stderr]     Checking hmac v0.12.1
[INFO] [stderr]     Checking sha1 v0.10.5
[INFO] [stderr]    Compiling tokio-macros v1.8.2
[INFO] [stderr]    Compiling tracing-attributes v0.1.23
[INFO] [stderr]    Compiling openssl-macros v0.1.0
[INFO] [stderr]     Checking tracing v0.1.37
[INFO] [stderr]     Checking tokio-util v0.7.4
[INFO] [stderr]     Checking tokio-native-tls v0.3.0
[INFO] [stderr]     Checking h2 v0.3.15
[INFO] [stderr]     Checking serde_urlencoded v0.7.1
[INFO] [stderr]     Checking serde_yaml v0.9.14
[INFO] [stderr]     Checking toml v0.5.10
[INFO] [stderr]     Checking hyper v0.14.23
[INFO] [stderr]     Checking hyper-tls v0.5.0
[INFO] [stderr]     Checking reqwest v0.11.13
[INFO] [stderr]     Checking kosei v0.2.0 (/opt/rustwide/workdir)
[INFO] [stdout] error[E0432]: unresolved import `kosei::apollo`
[INFO] [stdout]  --> examples/from_apollo.rs:3:12
[INFO] [stdout]   |
[INFO] [stdout] 3 | use kosei::apollo::Builder;
[INFO] [stdout]   |            ^^^^^^ could not find `apollo` in `kosei`
[INFO] [stdout] 
[INFO] [stdout] 
[INFO] [stdout] error[E0432]: unresolved import `kosei::nacos`
[INFO] [stdout]  --> examples/dynamic_nacos.rs:1:13
[INFO] [stdout]   |
[INFO] [stdout] 1 | use kosei::{nacos::Builder, ConfigType, DynamicConfig, InnerWatcher};
[INFO] [stdout]   |             ^^^^^ could not find `nacos` in `kosei`
[INFO] [stdout] 
[INFO] [stdout] 
[INFO] [stdout] error[E0432]: unresolved import `kosei::apollo`
[INFO] [stdout]  --> examples/secure_apollo.rs:1:12
[INFO] [stdout]   |
[INFO] [stdout] 1 | use kosei::apollo::Builder;
[INFO] [stdout]   |            ^^^^^^ could not find `apollo` in `kosei`
[INFO] [stdout] 
[INFO] [stdout] 
[INFO] [stdout] error[E0432]: unresolved import `kosei::apollo`
[INFO] [stdout]  --> examples/apollo_client.rs:1:12
[INFO] [stdout]   |
[INFO] [stdout] 1 | use kosei::apollo::Builder;
[INFO] [stdout]   |            ^^^^^^ could not find `apollo` in `kosei`
[INFO] [stdout] 
[INFO] [stdout] 
[INFO] [stdout] warning: fields `x` and `y` are never read
[INFO] [stdout]  --> examples/from_file.rs:6:5
[INFO] [stdout]   |
[INFO] [stdout] 5 | struct Entry {
[INFO] [stdout]   |        ----- fields in this struct
[INFO] [stdout] 6 |     x: f64,
[INFO] [stdout]   |     ^
[INFO] [stdout] 7 |     y: f64,
[INFO] [stdout]   |     ^
[INFO] [stdout]   |
[INFO] [stdout]   = note: `Entry` has derived impls for the traits `Debug` and `Clone`, but these are intentionally ignored during dead code analysis
[INFO] [stdout]   = note: `#[warn(dead_code)]` on by default
[INFO] [stdout] 
[INFO] [stdout] 
[INFO] [stdout] error[E0432]: unresolved import `kosei::nacos`
[INFO] [stdout]  --> examples/from_nacos.rs:1:13
[INFO] [stdout]   |
[INFO] [stdout] 1 | use kosei::{nacos::Builder, Config, ConfigType};
[INFO] [stdout]   |             ^^^^^ could not find `nacos` in `kosei`
[INFO] [stdout] 
[INFO] [stdout] 
[INFO] [stdout] error[E0432]: unresolved import `kosei::apollo`
[INFO] [stdout]  --> examples/dynamic_apollo.rs:1:12
[INFO] [stdout]   |
[INFO] [stdout] 1 | use kosei::apollo::{Builder, WatchMode};
[INFO] [stdout]   |            ^^^^^^ could not find `apollo` in `kosei`
[INFO] [stdout] 
[INFO] [stdout] 
[INFO] [stdout] error: aborting due to previous error
[INFO] [stdout] 
[INFO] [stdout] 
[INFO] [stdout] For more information about this error, try `rustc --explain E0432`.
[INFO] [stdout] 
[INFO] [stderr] error: could not compile `kosei` (example "apollo_client") due to 2 previous errors
[INFO] [stderr] warning: build failed, waiting for other jobs to finish...
[INFO] [stdout] warning: 1 warning emitted
[INFO] [stdout] 
[INFO] [stdout] 
[INFO] [stdout] error[E0599]: no function or associated item named `from_apollo` found for struct `Config` in the current scope
[INFO] [stdout]   --> examples/secure_apollo.rs:20:34
[INFO] [stdout]    |
[INFO] [stdout] 20 |     let entry = Config::<Entry>::from_apollo(&client)
[INFO] [stdout]    |                                  ^^^^^^^^^^^ function or associated item not found in `Config<Entry>`
[INFO] [stdout] 
[INFO] [stdout] 
[INFO] [stdout] error[E0599]: no function or associated item named `watch_nacos` found for struct `DynamicConfig` in the current scope
[INFO] [stdout]   --> examples/dynamic_nacos.rs:20:33
[INFO] [stdout]    |
[INFO] [stdout] 20 |         DynamicConfig::<Entry>::watch_nacos(client, Duration::from_secs(5)).await;
[INFO] [stdout]    |                                 ^^^^^^^^^^^ function or associated item not found in `DynamicConfig<Entry>`
[INFO] [stdout] 
[INFO] [stdout] 
[INFO] [stdout] warning: unused import: `InnerWatcher`
[INFO] [stdout]  --> examples/dynamic_nacos.rs:1:56
[INFO] [stdout]   |
[INFO] [stdout] 1 | use kosei::{nacos::Builder, ConfigType, DynamicConfig, InnerWatcher};
[INFO] [stdout]   |                                                        ^^^^^^^^^^^^
[INFO] [stdout]   |
[INFO] [stdout]   = note: `#[warn(unused_imports)]` on by default
[INFO] [stdout] 
[INFO] [stdout] 
[INFO] [stdout] error: aborting due to 2 previous errors
[INFO] [stdout] 
[INFO] [stdout] 
[INFO] [stdout] Some errors have detailed explanations: E0432, E0599.
[INFO] [stdout] 
[INFO] [stdout] For more information about an error, try `rustc --explain E0432`.
[INFO] [stdout] 
[INFO] [stdout] error[E0599]: no function or associated item named `from_apollo` found for struct `Config` in the current scope
[INFO] [stdout]   --> examples/from_apollo.rs:18:34
[INFO] [stdout]    |
[INFO] [stdout] 18 |     let entry = Config::<Entry>::from_apollo(&client)
[INFO] [stdout]    |                                  ^^^^^^^^^^^ function or associated item not found in `Config<Entry>`
[INFO] [stdout] 
[INFO] [stdout] 
[INFO] [stdout] error: aborting due to 2 previous errors; 1 warning emitted
[INFO] [stdout] 
[INFO] [stdout] 
[INFO] [stdout] Some errors have detailed explanations: E0432, E0599.
[INFO] [stdout] 
[INFO] [stdout] For more information about an error, try `rustc --explain E0432`.
[INFO] [stdout] 
[INFO] [stderr] error: could not compile `kosei` (example "secure_apollo") due to 3 previous errors
[INFO] [stdout] error[E0599]: no function or associated item named `from_nacos` found for struct `Config` in the current scope
[INFO] [stdout]   --> examples/from_nacos.rs:18:34
[INFO] [stdout]    |
[INFO] [stdout] 18 |     let entry = Config::<Entry>::from_nacos(&client)
[INFO] [stdout]    |                                  ^^^^^^^^^^ function or associated item not found in `Config<Entry>`
[INFO] [stdout] 
[INFO] [stdout] 
[INFO] [stdout] error: aborting due to 2 previous errors
[INFO] [stdout] 
[INFO] [stdout] 
[INFO] [stdout] Some errors have detailed explanations: E0432, E0599.
[INFO] [stdout] 
[INFO] [stdout] For more information about an error, try `rustc --explain E0432`.
[INFO] [stdout] 
[INFO] [stderr] error: could not compile `kosei` (example "dynamic_nacos") due to 3 previous errors; 1 warning emitted
[INFO] [stdout] error[E0599]: no function or associated item named `watch_apollo` found for struct `DynamicConfig` in the current scope
[INFO] [stdout]   --> examples/dynamic_apollo.rs:20:33
[INFO] [stdout]    |
[INFO] [stdout] 20 |         DynamicConfig::<Entry>::watch_apollo(client, WatchMode::RealTime).await;
[INFO] [stdout]    |                                 ^^^^^^^^^^^^
[INFO] [stdout]    |                                 |
[INFO] [stdout]    |                                 function or associated item not found in `DynamicConfig<Entry>`
[INFO] [stdout]    |                                 help: there is an associated function with a similar name: `watch_file`
[INFO] [stdout] 
[INFO] [stdout] 
[INFO] [stdout] error: aborting due to 2 previous errors
[INFO] [stdout] 
[INFO] [stdout] 
[INFO] [stdout] Some errors have detailed explanations: E0432, E0599.
[INFO] [stdout] 
[INFO] [stdout] For more information about an error, try `rustc --explain E0432`.
[INFO] [stdout] 
[INFO] [stderr] error: could not compile `kosei` (example "from_apollo") due to 3 previous errors
[INFO] [stdout] warning: fields `x` and `y` are never read
[INFO] [stdout]  --> examples/dynamic_file.rs:8:5
[INFO] [stdout]   |
[INFO] [stdout] 7 | struct Entry {
[INFO] [stdout]   |        ----- fields in this struct
[INFO] [stdout] 8 |     x: f64,
[INFO] [stdout]   |     ^
[INFO] [stdout] 9 |     y: f64,
[INFO] [stdout]   |     ^
[INFO] [stdout]   |
[INFO] [stdout]   = note: `Entry` has derived impls for the traits `Debug` and `Clone`, but these are intentionally ignored during dead code analysis
[INFO] [stdout]   = note: `#[warn(dead_code)]` on by default
[INFO] [stdout] 
[INFO] [stdout] 
[INFO] [stdout] warning: unused import: `InnerWatcher`
[INFO] [stdout]  --> examples/dynamic_apollo.rs:2:40
[INFO] [stdout]   |
[INFO] [stdout] 2 | use kosei::{ConfigType, DynamicConfig, InnerWatcher};
[INFO] [stdout]   |                                        ^^^^^^^^^^^^
[INFO] [stdout]   |
[INFO] [stdout]   = note: `#[warn(unused_imports)]` on by default
[INFO] [stdout] 
[INFO] [stdout] 
[INFO] [stderr] error: could not compile `kosei` (example "from_nacos") due to 3 previous errors
[INFO] [stdout] warning: 1 warning emitted
[INFO] [stdout] 
[INFO] [stdout] 
[INFO] [stdout] error: aborting due to 2 previous errors; 1 warning emitted
[INFO] [stdout] 
[INFO] [stdout] 
[INFO] [stdout] Some errors have detailed explanations: E0432, E0599.
[INFO] [stdout] 
[INFO] [stdout] For more information about an error, try `rustc --explain E0432`.
[INFO] [stdout] 
[INFO] [stderr] error: could not compile `kosei` (example "dynamic_apollo") due to 3 previous errors; 1 warning emitted
[INFO] running `Command { std: "docker" "inspect" "6d58b046cc8e252f7c59203f1f1a805f56597619fdc94354e1d3b414ea802e1b", kill_on_drop: false }`
[INFO] running `Command { std: "docker" "rm" "-f" "6d58b046cc8e252f7c59203f1f1a805f56597619fdc94354e1d3b414ea802e1b", kill_on_drop: false }`
[INFO] [stdout] 6d58b046cc8e252f7c59203f1f1a805f56597619fdc94354e1d3b414ea802e1b
